Let x be ((-5)/15)/(2/(-1644)). Suppose x = 5*d - 321. Is d prime?
False
Let r(t) = t + 2. Let k be r(6). Suppose 3*g - k - 1 = 0. Is g a prime number?
True
Suppose 5*g - 2*g = 609. Is g a prime number?
False
Suppose -5*s + 6095 = -3*x, -6*s + 2*x + 1219 = -5*s. Is s a composite number?
True
Let z(k) = -k**2 + 10*k. Let d be z(10). Suppose d = y + 7*m - 2*m - 52, 0 = 2*y + 4*m - 86. Is y composite?
False
Let i = -37 - 1. Let p = i - -157. Is p a prime number?
False
Let b = 560 - -141. Is b composite?
False
Suppose 0 = -3*m - 5*o + 12, 0*o = -m + 3*o + 18. Suppose -6*s = -m*s + 42. Is s a composite number?
True
Suppose 5*v - 4*v - 5*p = -18, -3*v - 2*p + 14 = 0. Suppose v*r - 10 = -0*r. Suppose -108 = -r*i + 307. Is i composite?
False
Suppose -3*x - 848 = -o - 213, -5*x - 1270 = -2*o. Is o prime?
False
Suppose 151 = d - 4*w - 0*w, -2*w = 4. Is d a prime number?
False
Let q be (-1)/((-2)/((-6)/(-3))). Is 680 - (-2 - (2 - q)) composite?
False
Let n(i) be the second derivative of -i**4/12 - i**3/6 + 4*i**2 + i. Let x be n(0). Is (-3)/12 - (-538)/x composite?
False
Suppose 4*o = 18 + 14. Suppose -3*c + o*c = 655. Is c a prime number?
True
Let w = -7 + 5. Let y be (w - -11) + 3 - -1. Suppose -25 = -2*s + y. Is s a prime number?
True
Let l(g) = -g + 9. Let z be l(7). Suppose 6*s = z*s + 3*v + 308, -5*v + 77 = s. Is s prime?
False
Suppose 3*k = -5*y + 9071, -2*y + 4 = -y. Is k a prime number?
False
Suppose 19 = -3*n + 5*f, 4*n - 7 - 6 = -f. Suppose n*z - 158 = -0*z. Is z prime?
True
Suppose 5*o + 3*u - 27 = 0, 3*u + 2*u - 1 = -o. Suppose -o*f + 298 = -4*f. Is f a composite number?
False
Suppose -t + 4*d + 224 + 841 = 0, -4 = d. Is t prime?
True
Let y = 1745 - 1060. Is y a prime number?
False
Let a(z) be the second derivative of z**3/6 - 6*z. Suppose -3*b - 4 + 25 = 0. Is a(b) a prime number?
True
Let s = 11 + -6. Let x be 3/15 + 84/s. Is (2/1)/(1/x) a prime number?
False
Suppose 3*p + 32 + 60 = 5*r, -3*p + 36 = 3*r. Let f be r*(-6)/(-4) - 3. Suppose 0 = w + 4*g - f, -5*w + 0*w + 193 = -2*g. Is w composite?
False
Let x = -58 - -68. Let u(n) = -3*n**2 + 11*n**2 + 11 - n**3 - 8*n + 3*n**2. Is u(x) a prime number?
True
Suppose 3*r = -96 - 51. Let u = -34 - r. Is u prime?
False
Let p(u) = -2*u - 2. Let m be p(-7). Let w = m - 0. Suppose 0 = 4*q + 4 + w, -2*h + 2*q = -58. Is h a composite number?
True
Suppose -9 = 4*c + 2*g + 1, 3*c - 2*g + 11 = 0. Is c/5 - 106/(-10) a prime number?
False
Let i(g) = 3*g**2 - g - 20. Is i(6) a composite number?
True
Suppose 19*n - 20*n = -4. Suppose r - 335 = -n*r. Is r a composite number?
False
Is (-124)/4*-11 + 0 a prime number?
False
Let w = 66 + -46. Suppose 0 = 3*r + r - w. Suppose 0 = -5*v - r, v = -5*n + 3*v + 97. Is n a prime number?
True
Suppose -2*o + 4072 = -3*n, -9505 = -4*o - n - 1347. Is o a composite number?
False
Suppose 0 = -5*a + 4 - 14. Let g = 49 - 34. Let p = g + a. Is p prime?
True
Let r = 3558 - 2077. Is r prime?
True
Let u(z) = 6*z - 83*z**3 + 7*z**2 + 3*z + 5 + 2*z**2 + 0*z. Let g(b) = -41*b**3 + 4*b**2 + 4*b + 2. Let q(c) = -7*g(c) + 3*u(c). Is q(1) composite?
False
Let p = -12 + 14. Suppose -q - 2*q + 387 = 3*i, -p*i - 266 = -2*q. Is q prime?
True
Let f = 10 - 5. Let a be (1 + -1)/(2/(-2)). Suppose 0 = -a*c + 5*c + f, -52 = -r - c. Is r a composite number?
False
Is -5*(3 - (-3819)/(-15)) - -1 prime?
True
Let v(d) = 52*d + 5. Let z = 39 - 28. Let l = -6 + z. Is v(l) a composite number?
True
Let f(q) = q. Let a(t) = -15*t - 13. Let w(y) = a(y) + 5*f(y). Is w(-9) prime?
False
Let b be 1/(-3)*-3 - 1. Suppose -c + q = -92, b = -c - 0*q - 4*q + 87. Is c a composite number?
True
Let t = -156 + 24. Is -1*(t + (-3)/(-3)) a prime number?
True
Is (-1043574)/(-322) - 4/(-46) a prime number?
False
Suppose -5*j + 3*d = -3211, j = 3*j - 4*d - 1276. Let f = j - 99. Is f composite?
True
Let f = 465 + -304. Is f a composite number?
True
Let h = -1 - 4. Let y(k) be the second derivative of -k**5/20 - k**4/4 + k**3/3 - 3*k**2/2 + 5*k. Is y(h) a prime number?
True
Let j = -1283 - -1869. Is j composite?
True
Let u be (-2 - -3)/((-2)/(-182)). Suppose -s - 2*g + 8 + 71 = 0, -4*g - u = -s. Is s a composite number?
False
Let f = 1689 - 1027. Is f a composite number?
True
Let u(h) = 12*h + 7. Is u(10) composite?
False
Suppose -4703 = 10*x - 21613. Is x prime?
False
Let j(d) = d**2 - 6*d + 2. Let t be j(6). Suppose -t*o = 4*c - 146, 9*o - 175 = -5*c + 4*o. Is c a composite number?
True
Suppose -4*d + 347 - 35 = 0. Let v = d + 1. Is v a prime number?
True
Let y = 4433 - 2190. Is y a prime number?
True
Suppose 0 = -5*o + 4*h + 338, -3*o + 208 = -h - 4*h. Is 8/(-3)*o/(-8) a composite number?
True
Let z(p) = 29*p. Is z(5) prime?
False
Let k = 5 + -3. Let f(r) = k + 1 + 18*r + 4. Is f(5) composite?
False
Suppose 5*d + 18 + 2 = 0. Is (-2 + 3)/(d/(-820)) prime?
False
Is (0 - 2) + (-125 - -8)*-55 composite?
True
Let y be (-2)/(-3) + 30/9. Suppose -3*z = -2*p - 8*z + 238, -3*p = y*z - 371. Is p a prime number?
False
Suppose 3*t - 2*r - 18 = t, 5*r + 5 = -3*t. Suppose -g - 2014 = -4*y, 0*g + 2517 = t*y - g. Is y prime?
True
Let b = -6 + 8. Suppose 0 = 2*h + b*p - p - 5, p + 5 = 0. Suppose 2*j - i = 181, 0*i = -h*j + 3*i + 454. Is j a prime number?
True
Let a be 28044/60 + 2/(-5). Suppose -2*z - 3*z - 5*c + 775 = 0, 3*z = -2*c + a. Is z composite?
False
Suppose -4 + 2 = -a. Suppose 4*q + 2*l + l = 25, 0 = -2*q - a*l + 10. Is q prime?
False
Let k(w) = 6*w. Let z be k(3). Let v be 1/6 + 87/z. Suppose -v*a + 115 = -0*a. Is a prime?
True
Is (-12)/(-24)*2*451 prime?
False
Let z = -347 + 204. Let p = -12 - z. Is p composite?
False
Suppose -3*u = 9 - 0. Let h = -2 - u. Let l(o) = 30*o**3 + 1. Is l(h) prime?
True
Suppose 4*c = 10 + 6. Suppose -c*v + 8*v = 1340. Is v a composite number?
True
Suppose -2*i + 490 = -198. Suppose 4*z + 4*x = i, -z + 5*x = -2 - 90. Suppose 5*q - 28 - 2 = -3*a, 4*q + z = 5*a. Is a composite?
True
Let g(y) = -y**3 + 2*y**2 + 2*y - 3. Let z be g(2). Is ((-33)/(-12))/(z/28) composite?
True
Let z(v) = -v**3 - v**2 + 2*v - 1. Is z(-5) a prime number?
True
Let m = -6 + 10. Suppose -m*y + 385 = y. Is y prime?
False
Let w = 170 - 55. Is w composite?
True
Suppose 0*i - 5*i = 5. Let a be (-4)/i - (1 - -1). Suppose -4*u + a*u + 110 = 0. Is u a composite number?
True
Let f be (-54)/(-4)*(1 + 1). Let i = 53 - f. Is i composite?
True
Let f be (-1)/4 - 405/12. Let y = 53 + f. Is y prime?
True
Let l = 2981 + -1696. Is l composite?
True
Let u(x) = -9*x**3 + 2. Suppose 5*f - 13 + 36 = q, -22 = q + 4*f. Is u(q) composite?
True
Suppose -4*z - 418 = 3*a - 117, 0 = -3*a + 5*z - 292. Let d = 176 + a. Is d prime?
False
Let d = -6 + 6. Let r = 3 + -3. Is r + (d - -2) + 21 a composite number?
False
Let w(z) = 2*z - 2. Let f be w(2). Is -2 + 23/1 + f prime?
True
Suppose -2*c + 142 + 76 = 0. Is c a prime number?
True
Suppose -2*x - 3*x + 2*i = -22557, 0 = -4*x - i + 18056. Is x composite?
False
Suppose -1178 = 2*v - 3126. Suppose -4*r + t = 3*t + 1264, 0 = -3*r + 5*t - v. Is 3*(r/(-9) - 3) prime?
True
Suppose 4*t + 161 = -2*n + 35, -n = -2*t - 57. Is (-220)/t*66/4 a prime number?
False
Suppose -43365 = 5*d - 0*d. Is ((-2)/(-6))/((-7)/d) a composite number?
True
Let b be (-7)/(-4) - (-1)/4. Suppose c - 2*a = 33 - 6, -2*c - b*a + 42 = 0. Is c composite?
False
Let a(d) = -5*d**3 + 2. Suppose 2*j - 5 = -13. Let m be a(j). Is (m/6)/(3/9) prime?
False
Let g(u) = 5*u**3 + 16*u**2 + 2*u + 3. Let t(w) = 9*w**3 + 31*w**2 + 5*w + 6. Let j(x) = -7*g(x) + 4*t(x). Is j(-8) composite?
False
Suppose -5*f + 3*g - 20 = 0, -g + 15 = -5*f + g. Let a be (f + 1)/(-3) + 3. Suppose -2*r + 234 = a*r + s, -2*r - 4*s = -90. Is r composite?
False
Suppose -2*r + b = 2 - 9, 4*b + 8 = -2*r. Suppose -445 = -r*w - 3*w. Is w a prime number?
True
Let i = 8 - 12. Let x = 17 + i. Suppose -3*f + 26 = -x. Is f a composite number?
False
Suppose 0 = -3*l - r - 2 + 6, -r = -l. Let b be -8 - -3 - (-1)/l. Is ((-14)/b)/((-1)/(-14)) composite?
True
Suppose 5*z - 5*f - 30 = 0, -5*z - 2*f = -0*f - 9. Suppose z*t + 2 = 8. Suppose 0 = -t*c - 0*q + 3*q + 169, 3*c + 4*q = 211. Is c prime?
False
Let x(y) = y**3 - y - 1. Let r(m) = -5*m**3 - 9*m**2 - 5*m + 13. Let p(k) = -r(k) - 4*x(k). Let u be p(-7). Suppose u = -5*q + 61. Is q composite?
False
Suppose 0 = -6*i + 2*i + 208. Suppose i = 5*f -